-1137 + 4912 = 5*n. What is the remainder when n is divided by 21?
20
Let k(p) = -3*p - 7. Let h be k(-3). Suppose 66 = h*q - 0*q. Calculate the remainder when q is divided by 9.
6
Suppose -3*v + 40*i - 39*i = -658, -4*i = v - 228. What is the remainder when v is divided by 61?
37
Suppose 4*u + u = 0. Suppose 6*y - y + 60 = u. What is the remainder when (3 + 4/y)*12 is divided by 11?
10
Let l = 795 - 762. Calculate the remainder when 87 is divided by l.
21
Let x(f) = -16*f**3 - f**2 + 5*f - 4. Let z be x(1). What is the remainder when -3 + 4/(z/(-28)) + 2 is divided by 3?
0
Suppose 0*d = -5*d + 75. Suppose -4*v + d = -37. Suppose -2*j + 0*j = -50. Calculate the remainder when j is divided by v.
12
Let w = 25 + 23. What is the remainder when w is divided by (-7 - 0)*(-3132)/812?
21
Let h(s) = -19*s + 1. Suppose 0 = -4*f + 5*f - 248. Suppose -4*k + 4*y = -f, y - 109 = -2*k - 0*y. What is the remainder when k is divided by h(-1)?
17
Let p(j) be the third derivative of j**6/120 - j**5/6 - j**4/2 + 13*j**3/6 - 8*j**2. What is the remainder when p(11) is divided by 2?
0
Suppose 0 = -4*b - 3*y + 73, 2*b - y - 72 = -23. Calculate the remainder when -30*(-16)/b - (-4)/22 is divided by 12.
10
What is the remainder when (-14)/(-2*6/276) is divided by 65?
62
Let o = -10 + 40. Let y(s) = 2*s - 5. Let f be y(5). Suppose 0 = -0*t - f*t + o. Calculate the remainder when t is divided by 2.
0
Suppose -2*p + 179 + 39 = 0. Let i = -65 + p. What is the remainder when i is divided by 16?
12
Suppose -2*b + 10 + 6 = 4*a, 0 = b - 2*a. Suppose 4*v - 5*t + b = 107, 5*t + 130 = 5*v. Calculate the remainder when v is divided by 15.
12
Suppose -13*k + 10*k = -4*z - 299, z = 2*k - 191. What is the remainder when k is divided by 25?
18
Suppose 3*z - 4*m + 1 + 1 = 0, -z - 4*m = -10. Suppose 5*r - 24 + 9 = 0. Calculate the remainder when z/10 - 88/(-10) is divided by r.
0
Calculate the remainder when 86 is divided by 8/(-2)*(-21)/2.
2
What is the remainder when 41 is divided by (50/10)/(5/12)?
5
Let q = 7 - 2. Let x = -22 + q. Let a = 33 + x. What is the remainder when 46 is divided by a?
14
Let h(w) = -w**3 - 4*w**2 - 2*w - 4. Let b be h(-4). Calculate the remainder when b + -4 - -26 - -3 is divided by 17.
12
Suppose 3 = 2*f + 63. Let o = f - -47. What is the remainder when 48 is divided by o?
14
Let q(g) = -g**3 - 7*g**2 - 2*g + 11. Calculate the remainder when 393 is divided by q(-7).
18
Let k = 15 - 21. Let s be (6/4 + -2)*k. Suppose 4*l + s - 15 = 0. What is the remainder when 5 is divided by l?
2
Calculate the remainder when -59*((-7)/1 + (-12)/(-3)) is divided by 18.
15
Let a(c) be the first derivative of -c**3/3 - 5*c**2 - 18*c - 25. What is the remainder when 14 is divided by a(-6)?
2
Suppose 0 = -21*o + 27*o - 162. Calculate the remainder when 98 is divided by o.
17
Suppose 1 = -4*h - 7. Let b(n) = -10*n - 5. Calculate the remainder when 27 is divided by b(h).
12
Let a(f) = -6*f - 18. Let z = -19 - -38. What is the remainder when a(-9) is divided by z?
17
Let l(r) = -r**3 - 2*r**2 + 5*r + 3. Let y = -6 - -8. Suppose 0 = -6*n + 3*n - y*j - 20, -4*n = 2*j + 24. Calculate the remainder when 57 is divided by l(n).
12
Let v = 103 + -97. Let i = -21 - -38. What is the remainder when 22/33 + 386/v is divided by i?
14
Let i = 2437 - -112. Calculate the remainder when i is divided by 58.
55
Suppose -2*m + 7*m = 30. Suppose t - m = -t. Suppose t*a = 4*a - 20. What is the remainder when 78 is divided by a?
18
Calculate the remainder when 6/9 + (-86)/(-3)*5 is divided by 48.
0
Let j(b) = 2*b + 9. Let o be j(8). Suppose t - o = -3*y, 5*t - 144 = -5*y + 21. Suppose 93 - 808 = -55*q. Calculate the remainder when t is divided by q.
11
Let o = -3 + 470. Calculate the remainder when o is divided by 52.
51
Let f(p) = -8*p - 22. Let c = -37 + 31. Let t = 13 - -2. What is the remainder when f(c) is divided by t?
11
Suppose 5*q - 19 = -19. Suppose -70 = -5*n - f - q*f, 4*f = -5*n + 55. What is the remainder when 29 is divided by n?
14
Let y be ((-8)/6)/(18/(-810)). Let m = -11 + y. What is the remainder when m is divided by 10?
9
What is the remainder when 4/10 - -19*57/5 is divided by (-5)/(((36/8)/(-9))/1)?
7
Let i be 6*4/(-8) - -124. Suppose h + i = 37. Calculate the remainder when -3 - 0 - h*1 is divided by 21.
18
Let w(y) = -y**3 - 9*y**2 + 9*y - 6. Let u be w(-10). Suppose 0 = -4*s - 2*l + 11 + 93, u*s - 3*l - 114 = 0. Calculate the remainder when 47 is divided by s.
20
Calculate the remainder when ((-30)/(-90))/((-1)/(-141)) is divided by (12/9)/(1/12).
15
Suppose 5*c = a - 13, -2*a - 2*c - 2 = 2*c. Suppose -2*r + a*r = 41. Calculate the remainder when r is divided by 765/68 + -1 + (-6)/(-8).
8
Let t(x) = x. Let i be t(4). Suppose -w + 20 = 4*d, -i*d = -w - 2*w + 28. Calculate the remainder when w is divided by 3.
0
Let s(t) = -t**2 - 11*t + 3. Let k be s(-5). What is the remainder when 26 is divided by k/3 - (-6)/2?
12
Suppose 0 = 10*w - 13*w + 3, -3*g = 5*w - 38. Calculate the remainder when 76 is divided by g.
10
Suppose 0 = -4*w - 5*h - 219, 3*w - 4*w - 54 = 2*h. Let u = w + 89. Calculate the remainder when u is divided by (2/3)/((-8)/(-108)).
6
Suppose -2*a - 5 + 7 = 0. Let i(m) = 65*m**3 + 2*m**2 - 2*m + 1. What is the remainder when i(a) is divided by 34?
32
Let d = 170 - 160. What is the remainder when 29 is divided by d?
9
Let n(l) = -l**3 - 6*l**2 - 8*l - 4. What is the remainder when (-31779)/(-749) + 8/14 is divided by n(-5)?
10
Suppose -3*g - 2*y + 22 = 0, -7 = -g - 2*g + y. Suppose 2*w = 3*o - 47, 3*o - g*w - 37 = -0*o. What is the remainder when 54 is divided by o?
16
Suppose 5*s = -5*k + 560, 190 + 136 = 3*s + 5*k. Calculate the remainder when s is divided by 112.
5
Let y = 17 - -2. Let d = y - -110. Calculate the remainder when d is divided by 26.
25
Let k = 0 - 2. Let h(g) = -g + 1. Let m be h(k). What is the remainder when 27 is divided by m/2*-2 - -18?
12
Let u be 2916/(-26) + 4/26. Suppose -3*w + 2*n + 525 = -8, 0 = -4*w + 3*n + 709. Let y = w + u. Calculate the remainder when y is divided by 18.
15
Suppose -3*i + 849 = v + v, -5*i + 4*v = -1437. Suppose 2*c = 3*c - 3, 3*c = 4*w + i. Let l = w - -121. Calculate the remainder when l is divided by 27.
25
Let h(o) = 23*o**3 - o**2. Let t be h(1). Let i = t - 12. Let q = 13 - -26. What is the remainder when q is divided by i?
9
Let w = 1386 + -2436. Calculate the remainder when -3 - 0 - w/15 is divided by 14.
11
Calculate the remainder when (6 + -8)*(-2)/((-4)/(-59)) is divided by 23 + 1/(2/(-4)).
17
What is the remainder when 1229 is divided by 1 + (-1071)/(-9) - 8?
109
Suppose -20 = a + 4*a. Let q = 0 + a. Let i = 9 + q. Calculate the remainder when i is divided by 3.
2
Suppose 0*t - 3*d + 37 = 4*t, 62 = 4*t - 2*d. Suppose -2*g = 130*g - 3960. What is the remainder when g is divided by t?
4
Suppose 0*u + u - 17 = 0. Let v = u + -12. Suppose 2*x = 7*x - 40. What is the remainder when x is divided by v?
3
Let t = -5 + 172. Let o = t + -78. What is the remainder when o is divided by 30?
29
Let t(b) = 8*b + 4. Let r be t(6). Let x = -37 + r. Suppose -5*v + 176 = -v - 4*g, -3*v + 118 = 4*g. What is the remainder when v is divided by x?
12
Suppose 7*s = -10*s + 4233. Let a = s - 152. Calculate the remainder when a is divided by 14.
13
Let z(h) = 10*h**3 - h**2 + 7*h - 27. Calculate the remainder when z(5) is divided by 95.
93
Suppose -2*s - 2*t = -150, 0 = 2*s - 4*t + 5*t - 153. Calculate the remainder when s is divided by 21.
15
Let z(c) = c**2 - 24*c - 177. Calculate the remainder when z(-12) is divided by 20.
15
Let d(a) = 47*a**3 - 2*a**2 - a + 2. What is the remainder when 120 is divided by d(1)?
28
Calculate the remainder when 105 is divided by (32 - -8) + -5 + 8.
19
Suppose 109 = r - y, 4*r - y = -2*y + 411. Let w = r - 84. Calculate the remainder when 26 is divided by w.
6
Calculate the remainder when (5 + -33)*4/(-16) is divided by 3.
1
Suppose -2 = 4*t - 10. Let h be (-2)/(-9) + 97/9. Suppose -n - 8 = -h. Calculate the remainder when n is divided by t.
1
Suppose u + 2*a - 37 = 0, 2*u - 5*a + 109 = 5*u. Calculate the remainder when 91 is divided by u.
25
Let k = -336 + 387. What is the remainder when k is divided by 18?
15
Let y = 293 + -283. Calculate the remainder when 147 is divided by y.
7
Let j = 1 -